m be -1 + -2 + 69/23. Suppose 4*p + 3*p - 6181 = m. List the prime factors of p.
883
Let u = 57921 - 29308. What are the prime factors of u?
13, 31, 71
Let a(k) = -k**3 - 3*k**2 + 4*k - 4. Let f be a(-7). Let r be (3/6)/(-9*2/(-9252)). Let m = r - f. List the prime factors of m.
3, 31
Suppose 4*x = 4*i - 12, 2*x = x - 3*i + 9. Let r be -3 - (37 - (-4 - x)). Let f = r + 239. What are the prime factors of f?
3, 5, 13
Let i(u) = -1333*u - 1550. What are the prime factors of i(-7)?
31, 251
Suppose 563 + 2488 = 9*h. List the prime factors of (-38 + 40)/(2/h).
3, 113
Let g(b) be the second derivative of -b**4/12 - 2*b**3/3 + 9*b**2/2 + 45*b. Let d be g(-12). List the prime factors of 29/d - (248/(-6) + -1).
2, 3, 7
Let c = 450 + -57. Let f = c + -189. List the prime factors of f.
2, 3, 17
Suppose 7*z = -3*z + 80. Suppose z*i = -653 + 3661. Suppose 17*t - 21*t = -i. What are the prime factors of t?
2, 47
Let j = -58 + 111. List the prime factors of (-10)/(-10)*(j - 1).
2, 13
Suppose -7*x + 1751 - 7204 = 0. Let k = x + 1393. What are the prime factors of k?
2, 307
Let n = 368 + -1612. What are the prime factors of (9 + -8)/(-1 + (-1246)/n)?
2, 311
Suppose 2*f - 2*l + 49196 = 3*l, -5*f - 3*l - 122928 = 0. List the prime factors of (-4)/5 + f/(-60).
409
Let h(y) = -y**3 - 21*y**2 - 29*y + 11. Let k(b) = -b**3 + 2*b**2 + 12*b - 5. Let r be k(5). Let s be h(r). Let p = 314 - s. What are the prime factors of p?
3, 41
Let i = -4373 + 5987. What are the prime factors of i?
2, 3, 269
Let u(h) = -23*h - 9. Let j = -32 - -26. Let i be u(j). Suppose 4*l = 0, 0*r + 3*l - i = -3*r. List the prime factors of r.
43
Suppose -62*n + 111 = -59*n. Let d = n - 32. Suppose -7*w + 752 = d*y - 6*w, -2*y + 3*w = -294. List the prime factors of y.
2, 3, 5
Let v = 90 + -205. Let o = v - -376. What are the prime factors of o?
3, 29
Let y(f) = 3*f + 6. Let z be y(-4). Let x be 2/(z/1329 - 0)*-1. Let r = x - 277. List the prime factors of r.
2, 83
Suppose -8*r = 3*i - 1393, -58*r + 4 = -62*r. List the prime factors of i.
467
Suppose 193 = -18*y - 1949. Let j = 1226 + y. List the prime factors of j.
3, 41
Suppose 0 = i - 15*i + 406. What are the prime factors of i/(410/135 + -3)?
3, 29
Suppose -3*u - 2112 = i, -8504 = -16*i + 20*i - 2*u. Let a = i - -3432. List the prime factors of a.
2, 3, 109
Suppose -5*g - 8 = -43. Suppose -g*l + 1430 = -481. Suppose 2*u + 5*m = -106 + l, 435 = 5*u - 5*m. What are the prime factors of u?
2, 43
Suppose 4*c + 72*c - 2902136 = 0. What are the prime factors of c?
2, 61, 313
Let m = -66 - -13. Let o = -52 - m. List the prime factors of ((-206)/10*o)/((-5)/25).
103
Let n = -13585 + 21483. What are the prime factors of n?
2, 11, 359
Let w(o) = 2356*o**2 - 21*o + 64. What are the prime factors of w(3)?
5, 4241
Let w = -10009 - -15303. What are the prime factors of w?
2, 2647
List the prime factors of 7 - (-277296)/9 - 63/(-27).
2, 5, 23, 67
Let a(u) = 1413*u**2 + 13*u + 61. List the prime factors of a(-3).
12739
Suppose 2*t = 2*x - x + 10, 2*x + 2 = -2*t. Suppose -5*n + 107 = -3*d, t*d + 84 = 4*n - 25. Let y = d - -136. List the prime factors of y.
97
List the prime factors of (12733175/30)/13 + 5/(-30).
3, 10883
Let d(m) = m**3 - 15*m**2 - 36*m + 37. Let y be d(17). Suppose -w = -y*h - 190, h = 2*w - 6*w + 825. List the prime factors of w.
5, 41
Let g = 15401 - 4963. What are the prime factors of g?
2, 17, 307
Let y(x) = 711*x - 1922. List the prime factors of y(19).
11587
Suppose -3*w + 96 = -6*w. Let m(d) = d - 9. Let z be m(9). What are the prime factors of (12 - z)/((-6)/w)?
2
Suppose -18*b - 92479 + 3181 = -464274. What are the prime factors of b?
2, 3, 7, 31
Let c(h) = -16*h - 8. Let p be ((-18)/24)/((-4)/(-80)). What are the prime factors of c(p)?
2, 29
Suppose g = 2, -7*s - g = 6*s - 118055. List the prime factors of s.
3, 1009
Let r(j) = j**2 - 3*j - 19. Let g be r(-6). Suppose -g*q - 127 = -36*q. List the prime factors of q.
127
Let j = -124 + 736. What are the prime factors of j?
2, 3, 17
Let f(t) = -23*t**3 + 51*t**2 + t + 122. What are the prime factors of f(-12)?
2, 23599
Suppose -2 + 52 = 10*v. Suppose -8 = -v*l + 9*l. Let n(p) = -25*p**3 - 5*p**2 - 3*p - 5. What are the prime factors of n(l)?
181
Suppose -4*d - d + 377 = i, 4*d = 3*i + 294. Let f = -73 + d. Let w(y) = -5*y + 12. List the prime factors of w(f).
2
Let b be 54/((-218)/(-72) + -3). Let r = b - 995. List the prime factors of r.
13, 73
Let p(c) = -5*c**2 + 2*c - 8. Let s be p(2). What are the prime factors of 87 - 17/(68/s)?
3, 31
Suppose 13*k + 44 = -333. Let n = k - -244. List the prime factors of n.
5, 43
Suppose -80248 = 5463*w - 5477*w. What are the prime factors of w?
2, 1433
Let d(i) = -15*i + 22. Let u be d(-3). Let r(b) = u + 0 + 41 + b. What are the prime factors of r(0)?
2, 3
Suppose 5*q - 3*q = 512. List the prime factors of q/(-40) + 6 + (-3674)/(-10).
367
Let a = 113 + -113. Suppose 4*r - r - 3*z = 579, 5*z - 15 = a. List the prime factors of r.
2, 7
Let c(i) = 187*i**2 + 589*i - 59. List the prime factors of c(11).
31, 937
Suppose -2*i + f = -19, -4*f + 23 = 4*i + 3. Suppose 6 = -i*u + 11*u. Suppose u*d - 4 = 0, 0 = 3*x - 8*x + 5*d + 550. What are the prime factors of x?
2, 7
Let v(y) = -y**2 - 12*y - 10. Let p be v(-8). Let g be 97/p*2 - (-4)/22. Let m(a) = 7*a - 13. List the prime factors of m(g).
2, 5
Let n(w) be the first derivative of -3*w**2/2 + 27*w - 19. Let m be n(-8). Let o = -8 + m. List the prime factors of o.
43
Let d = -366 + 374. Let z(r) = -3*r**2 - 15*r + 7. Let n(w) = -w**2 - w. Let y(i) = -5*n(i) + z(i). List the prime factors of y(d).
5, 11
Suppose -3*t = 5*j - 59239, -3*j + 2207 = -t + 21972. What are the prime factors of t?
19753
Suppose -9*m + 58*m - 347067 = 0. List the prime factors of m.
3, 787
Let o = 27 + -28. Let d(w) be the third derivative of 17*w**5/15 - w**4/12 - w**3/3 + 6*w**2. List the prime factors of d(o).
2, 17
Suppose -2*v + 16*v + 48*v = 173538. List the prime factors of v.
3, 311
Let v = -70 - -45. Let u = 27 + v. List the prime factors of -2*(u + 81/(-6)).
23
Let a(f) = -f**3 + 9*f**2 + 7*f + 3. Let l(g) = 29*g**3 - 5*g**2 + 3*g + 4*g**2 - 28*g**3 - 2*g**2. Let x be l(3). What are the prime factors of a(x)?
2, 3, 11
Let s(k) = -1465*k + 455. What are the prime factors of s(-11)?
2, 5, 1657
Let g = 9802 - 6268. List the prime factors of g.
2, 3, 19, 31
List the prime factors of 260*(18 + 11/((-77)/28)).
2, 5, 7, 13
Suppose 0 = 101*x - 66*x - 113610. List the prime factors of x.
2, 3, 541
Suppose 1 = 240*z - 241*z. List the prime factors of (17/(-4) + 5)*(-536)/z.
2, 3, 67
Suppose -2*y + 10 = 116. Let m = -47 - y. Let h(b) = 2*b + 33. What are the prime factors of h(m)?
3, 5
Let m = -13712 - -21792. Suppose 0 = 72*h - 92*h + m. What are the prime factors of h?
2, 101
Let m be (-3 + 5)/((-4)/18). Let f = -7 - m. Suppose -f*c + 125 = -2*o + 27, -5*c + 245 = 2*o. What are the prime factors of c?
7
Let r be 6/(-3) - (-18*3 + 3). Let g = 66 - r. Suppose -788 = 13*i - g*i. What are the prime factors of i?
197
Suppose -135*k - 2*q = -130*k - 68139, -k - 2*q + 13631 = 0. List the prime factors of k.
13627
Suppose 3*z + 1513 = 574. Let i = -46 - z. What are the prime factors of i?
3, 89
Suppose 4*x + z - 32 = 0, -4*x + 24 = -x + 4*z. Let p be 6/(x/20*5). Suppose p*b - 12 = 282. List the prime factors of b.
2, 7
Let y = 67 - 23. Suppose y = r + 41. Suppose 0*o = r*o - 315. List the prime factors of o.
3, 5, 7
Suppose 0*d = -10*d + 70. Suppose -136 = -9*x + d*x. Suppose -2*h = -k - 156, -x = -h - 0*k + 3*k. What are the prime factors of h?
2, 5
Suppose -9*y + 14*y + 80 = 0. What are the prime factors of (-76427)/(-104) + (-2)/y?
3, 5, 7
Let q = 8138 + -4609. What are the prime factors of q?
3529
Let a(p) = -2*p**2 + 7*p + 6. Let h be a(-2). What are the prime factors of (1 - -1)/(h/(-3064))?
383
Suppose -25*o + 188*o = -75*o + 1372308. What are the prime factors of o?
2, 3, 31
Let w = -405 + 576. Let s = w - 30. What are the prime factors of s?
3, 47
Let p be (-136)/4 + 0/(-4). Let z be (-2 + 2*7)*p/68. List the prime factors of 9/z*(-202)/3.
101
Suppose 26605 = x + 3*r, 14*x - 2*r - 26620 = 13*x. What are the prime factors of x?
2, 7, 1901
Let t(o) = -2*o**2 + o. Let f(l) = l**3 + 8*l**2 - l - 20. Let s(m) = -f(m) + 6*t(m). 